culate the remainder when 14 is divided by n.
6
Suppose -a + 9 = 4*i, 3*a - 3*i - 16 = -4*i. Suppose -2*g + 1 = 5*f - 1, 3*g - 53 = a*f. Calculate the remainder when 43 is divided by g.
10
Let c(q) = -19*q - 6. Calculate the remainder when c(-4) is divided by 18.
16
Let r = -51 - -55. Calculate the remainder when 15 is divided by r.
3
Suppose -5*m + 130 = -0*m. Calculate the remainder when 77 is divided by m.
25
Suppose -3*q + 2 = -1. Suppose 4*h = 3*u - 3 - 38, 5*h = -u + q. What is the remainder when u is divided by 15*(-1)/(5/(-2))?
5
Suppose 29 = 4*i - 7. Let w = 18 - 12. Calculate the remainder when i is divided by w.
3
Suppose -3*i = -21 - 0. What is the remainder when 26 is divided by i?
5
Let z(f) be the first derivative of f**3/3 + 11*f**2/2 + 13*f - 7. What is the remainder when 25 is divided by z(-11)?
12
Suppose -6*h + 2*h + 40 = 0. What is the remainder when 67 is divided by ((-115)/h)/(1/(-2))?
21
Let i = -25 + 70. What is the remainder when i is divided by 12?
9
Suppose 5 - 13 = -4*i. Calculate the remainder when 15 is divided by (i/2)/((-2)/(-12)).
3
Suppose 14*g = 13*g + 14. What is the remainder when 41 is divided by g?
13
What is the remainder when ((-6)/(-18))/(1/(-3))*-43 is divided by 22?
21
Calculate the remainder when 13 is divided by 3 + (-4)/16*-4.
1
Let b be 23 - 1/(1/2). Suppose 0 = -2*s + b + 1. Let c(t) = -2*t + 4. Calculate the remainder when c(-8) is divided by s.
9
Suppose 0 = -2*n - 2*n - 32. Let z = -39 - n. Let v = 58 + z. What is the remainder when v is divided by 14?
13
Suppose 2 = 4*b - 5*d - 189, 0 = -5*b - 3*d + 211. What is the remainder when b is divided by 15?
14
Let f(i) = 6*i + 5*i - 3 - i**2 - 7*i. Suppose 3*j = d - 14, 7 - 1 = 5*d + j. What is the remainder when d is divided by f(2)?
0
Suppose -8 = -2*t + 2*z, 7 = -5*z + 22. Let q = -1 + -2. What is the remainder when -4*15/(q*1) is divided by t?
6
Let c = 31 - 13. Let m = -14 + c. What is the remainder when 15 is divided by m?
3
Suppose -j = -11 + 3. Let k(x) = -x**2 - 9*x - 8. Let m be k(-8). Suppose -a + 26 + 5 = m. Calculate the remainder when a is divided by j.
7
Let n(p) = p**2 - 10*p + 5. Let u be n(9). Let z = -56 - -80. Calculate the remainder when z is divided by (-570)/(-42) - u/(-7).
11
Let a(t) = t**3 + 6*t**2 + 3*t + 3. Let f be a(-5). Let i be (-8)/20 - 6/(-15). Suppose -g = -i*g - f. What is the remainder when g is divided by 5?
3
What is the remainder when 42 is divided by 1 + 13 + -12 + 9?
9
Suppose -5*w = -0*w - 40. Suppose -5*v = -w - 17. Suppose -96 = -v*i + 19. What is the remainder when i is divided by 12?
11
Let j(s) = 0*s + s**2 + 5 - s + 3*s. Let v be j(-4). Let f = -8 + v. What is the remainder when f is divided by 2?
1
Suppose 0 = -2*j + 8*j - 162. Calculate the remainder when j is divided by 7.
6
Let r(p) = -p**3 - 7*p**2 - 9*p - 27. What is the remainder when r(-8) is divided by 39?
31
Suppose -5*n = 4*f - 349, -261 = f - 4*f - 3*n. What is the remainder when f is divided by 9?
5
Let d = 11 + -53. Calculate the remainder when 15 is divided by (-348)/d - (-6)/(-21).
7
Suppose 0 = 6*u - u + 75. Let l be (-3)/u - (-778)/10. Suppose -5*g = -d - l, 110 = 4*g - 3*d + 41. What is the remainder when 28 is divided by g?
13
Let a be ((-3)/(-6))/((-2)/(-20)). Let q(p) be the second derivative of p**4/12 - p**3/3 + p**2/2 - 6*p. Calculate the remainder when 30 is divided by q(a).
14
Suppose d - 35 = 25. Suppose 2*g = -g + d. Suppose -22 = -5*x + 13. What is the remainder when g is divided by x?
6
Suppose 0 = 12*y - 10*y - 4*m - 36, 4*y + 5*m - 98 = 0. What is the remainder when 60 is divided by y?
16
Let x = 9 + -6. Suppose -25 + 16 = -3*t. Calculate the remainder when t is divided by x.
0
Let f = 12 - -8. Calculate the remainder when 55 is divided by f.
15
Let r be 3 + (3 - (2 + 0)). Suppose 2*q - 3*b = 26, -r*q - 2*b + 52 = -4*b. Let a = 18 + -11. Calculate the remainder when q is divided by a.
6
Suppose 5*c - 2*c = 12. Suppose -4*m = -3*p - 61, 4*m + 2*p + p - 43 = 0. Calculate the remainder when m is divided by c.
1
Suppose -8*v + 12*v - 20 = 0. Let s = v + 4. What is the remainder when 25 is divided by s?
7
Let c = -47 + 52. Suppose -3*h + 67 = 10. What is the remainder when h is divided by c?
4
Let n be ((-1)/(-1))/(1 + -2). Suppose 0 = -2*k + 34 - 8. What is the remainder when (1/(-2))/(n/74) is divided by k?
11
Calculate the remainder when (-4)/(-4)*16 - 2 is divided by 6.
2
Suppose -2 = -2*p + 8. Suppose 5*w = -2*i + i + 13, 3*i = -p*w + 9. What is the remainder when 28 is divided by 2 + -2 + 12 + i?
8
Suppose -39 + 12 = 3*y. Let g = 51 - 29. What is the remainder when g is divided by 20 + y + (2 - 1)?
10
Let f(n) = 4*n - 7. What is the remainder when 76 is divided by f(5)?
11
Let b be 1*4 + (0 - -1). Suppose -v = -b*v + 100. What is the remainder when v is divided by 13?
12
Suppose 0*s + 216 = 3*s. Calculate the remainder when s is divided by 19.
15
Let v = 18 + 12. Let d = -10 - -18. What is the remainder when v is divided by d?
6
Suppose -4 = 5*m - 19. Suppose -u + m*u - 26 = 0. What is the remainder when 37 is divided by u?
11
Let m = -138 + 173. What is the remainder when 99 is divided by m?
29
Let d(m) = 2*m + 28. Let x be d(-12). Suppose j = -2*u + 5, 0 = -7*u + 2*u + x*j + 6. What is the remainder when 4 is divided by u?
0
Let f(d) = -14*d**3 + 2*d**2 + 1. Let t be f(-2). Calculate the remainder when 22/t + (-1030)/(-22) is divided by 12.
11
Let z(x) = x + 11. Calculate the remainder when 17 is divided by z(-4).
3
Let x(r) = -2*r**3 + 27*r**2 - 3*r - 5. Let n(s) = -s**3 + 14*s**2 - s - 3. Let v(y) = -11*n(y) + 6*x(y). What is the remainder when v(5) is divided by 11?
10
Calculate the remainder when 2/(-5) + 4584/60 is divided by 21.
13
Suppose 144 = 15*b - 6*b. Calculate the remainder when 62 is divided by b.
14
Let b(v) = -v**2 + 6*v + 31. What is the remainder when 5 is divided by b(9)?
1
Let r(m) = -3*m - 8. What is the remainder when 18 is divided by r(-6)?
8
Suppose 5*o - 2*x - 10 = 10, -5*x = -3*o - 7. Suppose 4*i + 8 = 0, -3*f = -4*f + 4*i + 10. What is the remainder when o is divided by 3/(f + -4 + 3)?
0
Suppose -28 = -0*x - x + 3*k, 3*x = 2*k + 49. What is the remainder when 63 is divided by x?
11
Let v = -62 + 92. Calculate the remainder when 148 is divided by v.
28
Let o(r) = 7*r - 15. Calculate the remainder when 79 is divided by o(6).
25
Calculate the remainder when 22 is divided by (-2)/((-6)/(-1)) - 10/(-3).
1
Suppose -33 = -r + 12. Suppose 0 = 4*y + w - 36, -5*y - w + r = 2*w. What is the remainder when y is divided by 5?
4
Suppose 7*d - 4*d - 3*p = 30, 3*p = -2*d + 35. Suppose -5*s + d = -f, s - 9 = -3*f - 0*f. What is the remainder when 16 is divided by s + -2 + 5/1?
4
Suppose 0 = 5*c - 3*c - 2*f, 0 = -5*c - 5*f + 10. What is the remainder when 11 is divided by c?
0
Suppose x - 3*t = 31, 5*x - t - 48 = 37. Calculate the remainder when 30/8*(-72)/(-6) is divided by x.
13
Suppose 4*z + 20 = 3*y - 0, 4*y + 2*z + 10 = 0. Suppose y*c - 34 = -2*c. Suppose -3*m - 165 = -8*m. Calculate the remainder when m is divided by c.
16
Let i = 32 - 21. What is the remainder when i is divided by (7 + -2 - -2) + -1?
5
Let k be -1 + -3 + 6 + -1. Calculate the remainder when 2 - -24 - (k - 0) is divided by 13.
12
Let s = 2 + 4. Suppose 3*i - s*i = -48. What is the remainder when 63 is divided by i?
15
Let m(h) = -h**3 - 4*h**2 - 6*h - 3. Calculate the remainder when 14 is divided by m(-3).
2
Let n = -27 - -54. Calculate the remainder when 53 is divided by n.
26
Let z(f) = -f**3 - 3*f**2 - 5*f - 4. Calculate the remainder when (-211)/(-4) + 1/4 is divided by z(-3).
9
Let w(p) = -488*p**3 - p + 1. Let b be w(1). What is the remainder when 93 is divided by (-4)/10 - b/20?
21
Suppose -4*j - 7 = -27. Let a = j - -19. Calculate the remainder when a is divided by 17/2 - 2/(-4).
6
Suppose -5*f + 15 = -0*f. Let a(o) = o**3 - o**2 - o. What is the remainder when 28 is divided by a(f)?
13
Suppose 4*r + 3*a - 75 = 0, a - 81 = -2*r - 2*r. Calculate the remainder when 83 is divided by r.
20
Suppose -5*y - 5*t + 102 = -y, -3*y + 2*t = -88. Let z be (-1)/((-1)/62) + 0. What is the remainder when y is divided by z/4 - 2/4?
13
Suppose n + n = -2*v + 38, 4*v = n + 91. Suppose 5*p = 68 - 398. Let w = p + 109. What is the remainder